 units digit of y?
9
Suppose -7*u + 3*u - 3*x = -1311, 2*x + 6 = 0. What is the tens digit of u?
3
Let m = -109 - -163. What is the units digit of m?
4
Let w(z) = -z + 14*z + 6 - 7 + 4*z. What is the units digit of w(2)?
3
Let t(n) = n**2 + 4*n - 6. Let g be t(-5). Let a be (-88)/28 + (20/35)/4. What is the units digit of ((-16)/a)/(g/(-3))?
6
Let l(q) = 3 + 4 + 69*q - 66*q. What is the tens digit of l(8)?
3
What is the units digit of 3/(-1) + (-1150)/(-10)?
2
Let z be 4 + -2 + (-8)/2. Suppose 2*n = -5*r + 13, n - 5*n - 5*r + 1 = 0. Let h = z - n. What is the units digit of h?
4
Let z = -5 - -5. Suppose z = 2*n + 4*r + 14, -5*r + 7 - 23 = 3*n. What is the units digit of n?
3
Let s = -9 - -10. Let y(r) = -13*r + 2. Let u(c) = c - 1. Let z(q) = -u(q) - y(q). What is the tens digit of z(s)?
1
Let q(i) = i + 13. Suppose 5*x + 63 = 3*d, 0*x + x = -2*d - 10. What is the units digit of q(x)?
1
Let y = -4 + 2. Let c = 15 + y. What is the units digit of c?
3
Suppose 2*w - 63 = 111. What is the units digit of w?
7
Suppose 123 = 2*s - 3*m + 32, s - 2*m - 48 = 0. What is the tens digit of s?
3
Let o(d) = 10*d - 11. Let k be o(6). Let n = k - 5. What is the units digit of n?
4
Let j(l) = -l**3 + 2*l**2 + 5*l - 3. Let a be j(3). Let f = a - -1. Suppose 5*y + 5*s = 20, -3*y + 10 = -3*s + f*s. What is the units digit of y?
3
Let g = 27 - -16. What is the units digit of g?
3
Suppose 4*a - 10*a + 558 = 0. What is the tens digit of a?
9
Let l(s) = -1 + 2*s - s**3 + 1 + 2. Let r = -6 - -4. What is the units digit of l(r)?
6
Let j = -415 - -717. What is the tens digit of j?
0
Let u = -59 + 85. What is the tens digit of u?
2
Let u = -13 + 18. Let g(y) = y**2 - 4*y + 4. What is the units digit of g(u)?
9
Let n = 0 - 1. Let w = n + 2. Let z(y) = 2*y**3 - 2*y**2 + 2*y - 1. What is the units digit of z(w)?
1
Let q(d) = 0 + 0*d + 2 + d - 5. What is the units digit of q(9)?
6
Suppose -2*m - m + 41 = -5*h, 0 = 3*m + 4*h - 5. Let n(u) = u**3 + 0*u**2 + u**2 + 9 - 8*u**2. What is the units digit of n(m)?
9
Let l(s) = s + 12. Let d be l(-9). Suppose -4*p + 0*p - 4 = 2*m, 3*m + 15 = d*p. What is the units digit of 70/8 - p/(-4)?
9
Let s be (-5 - -7)*(-6)/(-4). Let i = 10 - s. Let z = 6 + i. What is the tens digit of z?
1
Suppose 4*c - 54 = c. What is the units digit of c/(-4)*(-16)/12?
6
Let k = -8 - -2. Let s = k - -14. What is the units digit of s?
8
Let p(z) = z - 12. Let b be p(14). Suppose -1 = -b*x + 1. What is the units digit of x?
1
Let n be 6*(-2 + (-16)/(-6)). Suppose 0 = -2*f + n*f - 36. Suppose f = -c + 2*c. What is the tens digit of c?
1
Let z(n) = 4*n - 16. What is the units digit of z(11)?
8
Let j be 6/33 + 174/11. Let c = j - 4. What is the tens digit of c?
1
Let o be (-3)/(-3)*(2 + -5). Let f be -6 + 4 + 1*o. What is the units digit of f*((-2)/(-10) + -2)?
9
Suppose -j + 51 + 118 = 0. What is the hundreds digit of j?
1
Let w = -32 - -17. Suppose 467 = -4*b - 97. What is the units digit of (-4)/10 + b/w?
9
Let u = 188 - 104. Suppose -4*s = -5*c - 63, 5*s - c - u = -0*c. What is the units digit of s?
7
Let m be 0*(-4)/(-8) - 0. Let w = m + 41. What is the units digit of w?
1
Suppose -2*q + 25 = -7. What is the units digit of q?
6
Let p = 20 + -54. Suppose -2*a + 202 = 5*k - k, 223 = 4*k - 5*a. Let v = k + p. What is the tens digit of v?
1
Let v(n) = n**2 + 28. Let h be v(0). Suppose 4*q = -4*b + h, q - 8*b + 4*b = -3. What is the units digit of q?
5
Let s(i) = -i**3 + 5*i**2 + 8*i + 1. What is the tens digit of s(6)?
1
Let r = -27 + 48. Suppose 47 - 15 = 4*a. Let g = r - a. What is the tens digit of g?
1
Let s = 12 - 9. Suppose 0 = 3*l + s*i + i - 36, -l + 5*i = 7. What is the units digit of l?
8
Suppose b + 0*b = 0. Suppose b = l - 2*l + 12. What is the units digit of l?
2
Suppose p - 4*c = -3*c + 1, -p = 4*c - 11. Suppose 8 = p*h - h. What is the units digit of h/14 + 89/7?
3
Let m(j) be the second derivative of -3*j + 0 - 2/3*j**3 + 3*j**2 - 1/12*j**4. What is the units digit of m(-5)?
1
Suppose -6*i + i = -25. Suppose 69 = i*b - 1. What is the units digit of b?
4
Let f(v) be the third derivative of 0*v - v**2 + 5/3*v**3 - 1/60*v**5 + 0 - 1/3*v**4. What is the units digit of f(-8)?
0
Let a(k) = -10*k + 2. Let z be a(4). Let r = z - -60. What is the tens digit of r?
2
Suppose -w + 0*w = 0. Suppose w = i - 2*o - 47 + 19, 2*i + 5*o = 20. What is the units digit of i?
0
Let l(y) = y**3 - 2*y**2 - 5*y - 1. Let f(u) = -u**2 - 3*u + 4. Let d be f(-3). What is the units digit of l(d)?
1
Suppose -4*m = -4*a - 47 - 165, -5*a + 2*m - 280 = 0. What is the units digit of a/(-6) + (-10)/15?
9
Suppose -7*f = -3*f - 376. What is the units digit of f?
4
Let i = -6 + 9. Suppose -2*j = -i*j + 49. Let g = -33 + j. What is the tens digit of g?
1
Let a be 81/5 - (-3)/(-15). Suppose -2*b + 3*b + 5*o = -6, 3*o + 18 = 3*b. Suppose 0*i = b*i - a. What is the units digit of i?
4
Suppose 4*d = -4*z + 80, -2*d - 3 = 5*z - 31. Suppose -8*y + d = -4*y. What is the units digit of y?
6
Let k = 2 - -1. Suppose -6 = -5*b + k*b. What is the tens digit of (-9)/(0 + b) + 17?
1
What is the tens digit of 2/4*(1 - (2 - 95))?
4
Let x(o) = o - 2. Let c be x(6). Suppose -4*f + 5 + 15 = c*y, 5*f = y + 1. What is the units digit of y/16 + (-3)/(-4)?
1
Let b(p) be the second derivative of 0*p**2 - 5/12*p**4 + p + 1/3*p**3 + 0 + 1/20*p**5. What is the units digit of b(5)?
0
Let o(d) be the third derivative of d**6/120 + 2*d**5/15 + 5*d**4/24 - 3*d**3/2 + 3*d**2. What is the units digit of o(-7)?
5
Let z = -65 - -198. What is the tens digit of z/9 - 2/(-9)?
1
Let c(f) be the second derivative of f**5/20 - 5*f**4/12 - f**3 + f**2 + 2*f. Let a be c(6). Let m(z) = z**3 + 3*z - 3. What is the units digit of m(a)?
1
Let w(r) = -2*r - 2. Let f be w(-3). Suppose -2*u - 2*u - 48 = -2*q, -f*q - 2*u + 126 = 0. Let y = -9 + q. What is the tens digit of y?
2
What is the tens digit of 204 + 1/(-2)*-2 + 3?
0
Suppose 124 = -c - c. What is the tens digit of c/(-5) + 2/(-5)?
1
Let w(h) = h**3 - 4*h**2 - 10*h + 10. Let l be w(6). Let j(d) = -12*d. Let n be j(1). Let t = n + l. What is the units digit of t?
0
Let f = 0 + 5. Let j = f - 7. What is the units digit of ((-11)/(-4))/(j/(-8))?
1
Let c(y) = y**2 - 5*y. Suppose -4*a - 1 = 3*t, 0*t + t = -3*a - 7. What is the tens digit of c(a)?
3
Let w(j) = 3*j**2 + 6*j + 6. Let u(t) = -8*t**2 - 17*t - 17. Let f(n) = -4*u(n) - 11*w(n). Let d be f(-2). What is the units digit of (0 + 12)*(-4)/d?
8
Let f(j) = -4*j**3 - 3*j**2 + 6*j + 7. What is the tens digit of f(-3)?
7
Let u = 202 - 76. What is the hundreds digit of u?
1
Suppose 0 = -4*p - 2*r + 178, -34 = -p + 3*r + 14. What is the units digit of (72/p)/((-2)/(-10))?
8
Suppose m - 1 = 3. What is the units digit of m?
4
Let r(t) be the first derivative of t**2/2 - 3. What is the units digit of r(1)?
1
Suppose 2*m - 2 = 2. Let l(n) = n**3 - n. What is the units digit of l(m)?
6
Suppose -h = -4*r + 3*r + 37, -h = 5*r - 185. Let c = r + -23. Suppose 3*y = -2*z + 1, -2*z + 3*z - 3*y - c = 0. What is the units digit of z?
5
Let o(j) = -2*j**3 - 7*j**2 - 2*j + 9. What is the tens digit of o(-4)?
3
Let j(z) = z**3 - 7*z**2 + 9*z - 1. Suppose -3 = -n + 3. What is the units digit of j(n)?
7
Let n(j) be the second derivative of j**4/12 + j**3 - 11*j**2/2 + 4*j. What is the tens digit of n(-9)?
1
Let x = -5 + 7. Suppose -36 = -x*v - 4*d, -v + 30 = 4*v - 2*d. What is the units digit of v?
8
Let d(c) = -5*c**3 + c**2 + c + 4. Let z be d(-3). Suppose 3*w - z + 43 = 0. What is the units digit of w?
4
Let l be -17 - (5 + -2 + 0). Let c = l - -33. What is the units digit of c?
3
Suppose 0 = 5*v - 110 - 690. What is the hundreds digit of v?
1
Let j be (-4 - -1) + 6/2. Suppose -k - 5*b + 31 - 9 = j, -3*k = 4*b - 22. Suppose m = 6*m + k*n - 11, 4*m + n - 7 = 0. What is the units digit of m?
1
Suppose -28 + 8 = -t + 3*c, 16 = 3*t + 2*c. What is the units digit of t?
8
Suppose 2*o = -3*o + 180. What is the units digit of o?
6
Suppose -25 = -3*z - 3*i + 50, 5*z = 5*i + 75. What is the tens digit of z?
2
What is the units digit of (-6 + (0 - 0))/(27/(-396))?
8
Suppose -2*j - j + 13 = -2*r, 5*j - 4*r = 23. Suppose 11 + 10 = j*m. What is the units digit of m?
7
Suppose 5*t - 510 = -3*v + 4*t, -516 = -3*v - 3*t. What is the units digit of v?
9
Suppose -5